-6).
47
Let f(o) = -o**3 + 21*o**2 + 49*o - 62. What is f(23)?
7
Let g(m) = -m**3 - 20*m**2 - 3*m - 59. What is g(-20)?
1
Let w(g) = -2*g**2 - 232*g - 3950. Give w(-95).
40
Let k(q) = -q**2 + 114*q + 703. Determine k(120).
-17
Let h(f) = -37*f**2 - 372*f - 12. Determine h(-10).
8
Let s(u) = -8*u**2 + 50*u + 228. Determine s(10).
-72
Let w(u) = 2802*u - 50442. What is w(18)?
-6
Let m(o) = -35*o + 644. Calculate m(19).
-21
Let h(n) = n**3 - 13*n**2 - 27*n + 557. Give h(8).
21
Let a(g) = -2673*g - 8033. Calculate a(-3).
-14
Let i(k) = k**3 + 145*k**2 - 15*k - 2171. Determine i(-145).
4
Let r(p) = p**3 - p**2 - 98*p + 278. Determine r(3).
2
Let q(g) = -5*g**2 - 2*g + 44. Give q(3).
-7
Let m(x) = -67*x**2 - 577*x - 15. Determine m(-9).
-249
Let b(t) = -2*t**2 + 91*t + 7105. Determine b(-41).
12
Let j(s) = s**2 - 14*s + 29. Determine j(7).
-20
Let v(s) = -2*s**3 + 79*s**2 + 124*s - 50. What is v(41)?
-9
Let u(w) = 3*w**3 + 3*w**2 + 595*w + 594. What is u(-1)?
-1
Let m(z) = -z**3 - z**2 + 19*z - 14. Determine m(-7).
147
Let n(a) = -42*a - 1174. Give n(-24).
-166
Let q(p) = -5*p**3 + 20*p**2 + p - 6. What is q(4)?
-2
Let u(n) = 5*n**2 - 231*n - 187. Determine u(47).
1
Let q(n) = -9*n**2 - 378*n - 65. Calculate q(-41).
304
Let t(r) = 2*r**3 - 554*r**2 + 4824*r + 5. Determine t(268).
5
Let p(c) = -c**3 - 20*c**2 + 263*c + 69. What is p(-29)?
11
Let a(o) = -o**3 + 10*o**2 - 14*o + 45. Calculate a(9).
0
Let v(j) = -123*j + 762. Give v(6).
24
Let z(t) = -80*t - 324. What is z(-5)?
76
Let b(q) = q**3 - q**2 + 10*q - 17. Determine b(5).
133
Let i(a) = -a**3 - a**2 + 217*a + 23. What is i(0)?
23
Let b(m) = -36*m**3 - 3*m**2 - 7*m - 8. Calculate b(-2).
282
Let u(b) = -390*b**2 + 2742*b - 87. What is u(7)?
-3
Let o(t) = 1058*t + 1089. What is o(-1)?
31
Let p(x) = 5*x**2 - 39*x - 28. Determine p(8).
-20
Let r(a) = a**3 + 6*a**2 - 5*a + 37. Calculate r(-8).
-51
Let x(y) = -5*y**2 - 5*y. Calculate x(3).
-60
Let k(a) = -a**3 + a**2 - 20*a + 60. Determine k(3).
-18
Let i(k) = -k**3 - 28*k**2 + 6*k + 149. Determine i(-28).
-19
Let f(s) = -s + 6. What is f(-15)?
21
Let u(k) = 8*k**3 + 7*k**2 + 214*k - 220. Calculate u(1).
9
Let d(g) = 2*g**3 - 27*g**2 + 70*g + 10. Determine d(4).
-14
Let s(d) = -d**3 - 28*d**2 - 62*d - 259. Calculate s(-26).
1
Let k(l) = 118*l - 2004. Determine k(17).
2
Let q(z) = 234*z + 1338. Determine q(-6).
-66
Let w(y) = -246*y + 16. Determine w(0).
16
Let p(u) = 6*u**3 - 3*u**2 + 26*u + 57. Determine p(-2).
-55
Let g(t) = -901*t - 8. Calculate g(0).
-8
Let w(d) = -92*d + 296. What is w(4)?
-72
Let f(y) = -y**3 + 76*y**2 + 80*y - 209. Give f(77).
22
Let l(g) = -8*g**2 - 171*g + 317. Calculate l(-23).
18
Let s(r) = 2*r**3 - 36*r**2 + 115*r - 26. Determine s(13).
-221
Let u(p) = -47*p**3 - 795*p**2 + 69*p + 9. What is u(-17)?
-8
Let o(z) = z**3 - 2*z**2 - 42*z + 54. Calculate o(8).
102
Let l(b) = b**2 + 27*b - 565. Determine l(15).
65
Let i(c) = 1002*c + 14027. What is i(-14)?
-1
Let z(l) = -3*l**3 + 14*l**2 - 24*l + 108. Determine z(5).
-37
Let p(c) = 11*c**2 - 24*c - 172. Determine p(-3).
-1
Let r(w) = 128*w + 3206. Calculate r(-25).
6
Let r(w) = -w**3 - 11*w**2 - 13*w - 69. Determine r(-9).
-114
Let b(u) = -4*u + 196. Determine b(54).
-20
Let c(h) = -92*h - 2591. Calculate c(-29).
77
Let t(o) = -6*o + 84. What is t(11)?
18
Let x(p) = -3455*p + 13830. Determine x(4).
10
Let l(c) = c**2 - 17*c - 1130. Determine l(-27).
58
Let o(p) = -p**2 + 21*p + 404. Give o(-11).
52
Let b(j) = -2*j**3 - 75*j**2 + 676*j + 35. Give b(-45).
-10
Let g(t) = -2*t**3 - 78*t**2 + 1. Determine g(-39).
1
Let y(r) = -2*r**2 + 61*r + 18. Calculate y(29).
105
Let g(r) = 3*r**2 + 163*r + 223. Give g(-53).
11
Let a(q) = 329*q**2 + 359*q - 3. Calculate a(-1).
-33
Let t(q) = -q**3 + 17*q**2 + 22*q + 266. Calculate t(19).
-38
Let n(v) = v**3 + 32*v**2 - 70*v - 55. Give n(-34).
13
Let w(s) = -729*s - 100589. Give w(-138).
13
Let r(j) = j**3 - 194*j**2 + 94*j + 19106. Calculate r(193).
-1
Let m(o) = o**2 - 1842*o - 29738. Give m(-16).
-10
Let f(s) = -4*s**3 + 8*s**2 + 33*s - 10. Determine f(-2).
-12
Let c(j) = -3*j**2 - 140*j - 1608. Determine c(-26).
4
Let b(l) = -l**3 + 27*l**2 + 18*l - 150. What is b(27)?
336
Let n(g) = -g**2 - 10*g - 78. Calculate n(9).
-249
Let g(l) = 29*l**2 - 57*l + 1. Give g(4).
237
Let b(r) = 2*r**3 - 33*r**2 - 20*r - 70. Give b(17).
-121
Let u(q) = -52*q + 56. Calculate u(5).
-204
Let v(k) = -2*k**3 + 8*k**2 + 12*k + 24. What is v(-4)?
232
Let g(t) = t**2 + 4417*t + 39676. Calculate g(-9).
4
Let v(t) = 7*t**2 + 20*t - 32. Give v(-4).
0
Let y(m) = -3*m**3 + 15*m**2 + 3*m - 5. Calculate y(5).
10
Let t(f) = 2*f**2 + 72*f - 327. Give t(5).
83
Let s(q) = 445*q - 877. Determine s(2).
13
Let d(f) = 72*f - 568. Give d(8).
8
Let n(o) = o**3 + 38*o**2 + 378*o + 78. Determine n(-17).
-279
Let f(l) = 9*l**2 + 95*l - 8. Determine f(-10).
-58
Let i(r) = -17*r + 700. Determine i(51).
-167
Let o(s) = -s + 28. Determine o(23).
5
Let f(c) = 78*c + 3805. What is f(-49)?
-17
Let t(a) = -5020*a - 15066. Determine t(-3).
-6
Let i(m) = -m**3 + 262*m**2 - 3465*m - 1736. Determine i(248).
0
Let g(n) = n**2 - 33*n - 2. Calculate g(7).
-184
Let n(g) = g**2 - 1340*g - 38295. Calculate n(-28).
9
Let x(b) = -b**3 - 16*b**2 + 159*b - 46. Give x(-23).
0
Let x(g) = 2*g**2 - 113*g + 168. What is x(55)?
3
Let u(s) = s**3 + 8*s**2 + 2*s - 33. Calculate u(-8).
-49
Let i(l) = 55*l - 378. Determine i(0).
-378
Let k(x) = -x**2 + 316*x - 90. Determine k(0).
-90
Let u(k) = 2*k**3 - 10*k**2 - 31*k + 147. What is u(5)?
-8
Let x(s) = -247*s + 625. Determine x(5).
-610
Let w(r) = r**3 + 54*r**2 - 45*r - 96. What is w(-55)?
-646
Let x(m) = 218*m - 5223. Determine x(24).
9
Let g(v) = -v**3 + 7*v**2 + 54*v + 45. Give g(11).
155
Let i(m) = -550*m + 4398. Calculate i(8).
-2
Let d(m) = -182*m - 2542. Calculate d(-14).
6
Let n(t) = 53*t - 1396. Calculate n(27).
35
Let k(z) = -2*z**2 - 6*z - 140. Give k(-8).
-220
Let x(n) = -n**3 + 77*n**2 + 80*n - 464. Determine x(78).
-308
Let q(x) = -2*x**3 - 292*x**2 + 305*x + 1720. Calculate q(-147).
103
Let j(o) = -407*o + 2038. Calculate j(5).
3
Let m(r) = 24*r**2 - 20*r + 23. Give m(2).
79
Let n(r) = -r**3 + r**2 + 4*r - 47. Determine n(0).
-47
Let u(v) = 2*v**3 - 23*v**2 + 27*v - 174. Calculate u(11).
2
Let w(r) = r**2 - 7*r - 312. Give w(20).
-52
Let o(i) = 47*i - 46. Determine o(1).
1
Let h(l) = 2*l**3 + 88*l**2 - 284*l - 94. Calculate h(-47).
0
Let c(f) = 24*f - 35. Give c(7).
133
Let a(v) = 2*v**3 - 11*v**2 + 6*v + 27. Give a(4).
3
Let m(t) = t**2 - 10*t - 16. Determine m(10).
-16
Let b(g) = -g**3 + 96*g**2 - 161*g - 2551. Calculate b(94).
-13
Let d(i) = -3*i**2 + 31*i - 27. What is d(9)?
9
Let d(f) = 384*f + 6147. What is d(-16)?
3
Let f(u) = 116*u + 2788. Calculate f(-24).
4
Let p(l) = -2*l**2 - 386*l - 1917. What is p(-5)?
-37
Let v(p) = -p**3 - 27*p**2 + 54*p + 1360. Determine v(-27).
-98
Let s(j) = 859*j**2 + 10306*j - 26. Give s(-12).
-2
Let y(n) = 70*n**2 - 22*n + 22. Calculate y(2).
258
Let m(l) = l**3 - 38*l**2 + 80*l - 219. Calculate m(36).
69
Let p(h) = -6*h**2 - 175*h + 584. What is p(3)?
5
Let t(f) = 30*f**2 - 431*f - 55. Calculate t(14).
-209
Let n(c) = c**2 - 46*c + 164. Give n(40).
-76
Let z(m) = -7*m**2 - 79*m + 1. What is z(-11)?
23
Let n(u) = -u**3 - 26*u**2 - 140*u + 68. What is n(-18)?
-4
Let a(h) = 4*h**2 + 22*h - 36. Determine a(-7).
6
Let s(k) = 31*k - 937. Calculate s(31).
24
Let d(h) = -1502*h - 1474. Give d(-1).
28
Let j(s) = -5*s**2 - 53*s + 38. Determine j(-11).
16
Let r(x) = 5*x**2 - 5*x - 101. Determine r(-5).
49
Let s(q) = -2*q**3 + 95*q**2 + 353*q + 186. Give s(51).
-18
Let p(t) = t**3 - 56*t**2 + 112*t - 98. Give p(54).
118
Let v(l) = 447*l - 3131. Determine v(7).
-2
Let r(f) = -f**2 + 36*f + 165. Calculate r(44).
-187
Let u(m) = -m**2 + 577*m - 4551. Determine u(8).
1
Let h(l) = 191*l**2 + 903*l + 7. Determine h(-5).
267
Let h(z) = -9*z + 466. Determine h(33).
169
Let m(l) = -8*l + 16. Calculate m(-10).
96
Let x(n) = 2*n**2 - 42*n + 138. Determine x(17).
2
Let g(c) = c**3 + 19*c**2 + 49*c + 20. Calculate g(-16).
4
Let h(u) = 108*u - 639. What is h(6)?
9
Let n(m) = 9*m**2 - 60*m + 12. Calculate n(7).
33
Let a(u) = 149*u - 13584. What is a(91)?
-25
Let c(y) = -31*y + 103. What is c(6)?
-83
Let a(d) = 3*d**2 - 118*d - 445. Ca